{"id":4,"date":"2016-10-22T22:05:03","date_gmt":"2016-10-22T22:05:03","guid":{"rendered":"http:\/\/jonascruz.com\/v1\/?page_id=4"},"modified":"2018-12-06T00:32:18","modified_gmt":"2018-12-06T00:32:18","slug":"sobre","status":"publish","type":"page","link":"https:\/\/jonascruz.com\/v1\/sobre\/","title":{"rendered":"Sobre"},"content":{"rendered":"<div class=\"entry-content\">\n<div id=\"eu\">\n<p><img loading=\"lazy\" decoding=\"async\" class=\"alignleft size-full wp-image-76\" src=\"https:\/\/jonascruz.com\/v1\/wp-content\/uploads\/2016\/10\/nasjo-1.jpg\" alt=\"nasjo\" width=\"350\" height=\"320\" srcset=\"https:\/\/jonascruz.com\/v1\/wp-content\/uploads\/2016\/10\/nasjo-1.jpg 350w, https:\/\/jonascruz.com\/v1\/wp-content\/uploads\/2016\/10\/nasjo-1-300x274.jpg 300w\" sizes=\"auto, (max-width: 350px) 100vw, 350px\" \/><\/p>\n<p>&nbsp;<\/p>\n<p>Jonas Cruz \u00e9 designer e fot\u00f3grafo. Mineiro de Juiz de Fora, vive no Rio de Janeiro.<\/p>\n<p>Fique \u00e0 vontade para entrar em contato por email para jonascs@gmail.com<\/p>\n<\/div>\n<\/div>\n","protected":false},"excerpt":{"rendered":"<p>&nbsp; Jonas Cruz \u00e9 designer e fot\u00f3grafo. Mineiro de Juiz de Fora, vive no Rio de Janeiro. Fique \u00e0 vontade&hellip; <\/p>\n","protected":false},"author":1,"featured_media":0,"parent":0,"menu_order":0,"comment_status":"closed","ping_status":"closed","template":"page-templates\/gallery-template.php","meta":{"footnotes":""},"class_list":["post-4","page","type-page","status-publish","hentry"],"yoast_head":"<!-- This site is optimized with the Yoast SEO plugin v27.4 - https:\/\/yoast.com\/product\/yoast-seo-wordpress\/ -->\n<title>Sobre - Jonas Cruz<\/title>\n<meta name=\"robots\" content=\"index, follow, max-snippet:-1, max-image-preview:large, max-video-preview:-1\" \/>\n<link rel=\"canonical\" href=\"https:\/\/jonascruz.com\/v1\/sobre\/\" \/>\n<meta property=\"og:locale\" content=\"pt_BR\" \/>\n<meta property=\"og:type\" content=\"article\" \/>\n<meta property=\"og:title\" content=\"Sobre - Jonas Cruz\" \/>\n<meta property=\"og:description\" content=\"&nbsp; Jonas Cruz \u00e9 designer e fot\u00f3grafo. Mineiro de Juiz de Fora, vive no Rio de Janeiro. Fique \u00e0 vontade&hellip;\" \/>\n<meta property=\"og:url\" content=\"https:\/\/jonascruz.com\/v1\/sobre\/\" \/>\n<meta property=\"og:site_name\" content=\"Jonas Cruz\" \/>\n<meta property=\"article:modified_time\" content=\"2018-12-06T00:32:18+00:00\" \/>\n<meta property=\"og:image\" content=\"https:\/\/jonascruz.com\/v1\/wp-content\/uploads\/2016\/10\/nasjo-1.jpg\" \/>\n<meta name=\"twitter:card\" content=\"summary_large_image\" \/>\n<script type=\"application\/ld+json\" class=\"yoast-schema-graph\">{\"@context\":\"https:\\\/\\\/schema.org\",\"@graph\":[{\"@type\":\"WebPage\",\"@id\":\"https:\\\/\\\/jonascruz.com\\\/v1\\\/sobre\\\/\",\"url\":\"https:\\\/\\\/jonascruz.com\\\/v1\\\/sobre\\\/\",\"name\":\"Sobre - Jonas Cruz\",\"isPartOf\":{\"@id\":\"https:\\\/\\\/jonascruz.com\\\/v1\\\/#website\"},\"primaryImageOfPage\":{\"@id\":\"https:\\\/\\\/jonascruz.com\\\/v1\\\/sobre\\\/#primaryimage\"},\"image\":{\"@id\":\"https:\\\/\\\/jonascruz.com\\\/v1\\\/sobre\\\/#primaryimage\"},\"thumbnailUrl\":\"https:\\\/\\\/jonascruz.com\\\/v1\\\/wp-content\\\/uploads\\\/2016\\\/10\\\/nasjo-1.jpg\",\"datePublished\":\"2016-10-22T22:05:03+00:00\",\"dateModified\":\"2018-12-06T00:32:18+00:00\",\"breadcrumb\":{\"@id\":\"https:\\\/\\\/jonascruz.com\\\/v1\\\/sobre\\\/#breadcrumb\"},\"inLanguage\":\"pt-BR\",\"potentialAction\":[{\"@type\":\"ReadAction\",\"target\":[\"https:\\\/\\\/jonascruz.com\\\/v1\\\/sobre\\\/\"]}]},{\"@type\":\"ImageObject\",\"inLanguage\":\"pt-BR\",\"@id\":\"https:\\\/\\\/jonascruz.com\\\/v1\\\/sobre\\\/#primaryimage\",\"url\":\"https:\\\/\\\/jonascruz.com\\\/v1\\\/wp-content\\\/uploads\\\/2016\\\/10\\\/nasjo-1.jpg\",\"contentUrl\":\"https:\\\/\\\/jonascruz.com\\\/v1\\\/wp-content\\\/uploads\\\/2016\\\/10\\\/nasjo-1.jpg\",\"width\":350,\"height\":320},{\"@type\":\"BreadcrumbList\",\"@id\":\"https:\\\/\\\/jonascruz.com\\\/v1\\\/sobre\\\/#breadcrumb\",\"itemListElement\":[{\"@type\":\"ListItem\",\"position\":1,\"name\":\"In\u00edcio\",\"item\":\"https:\\\/\\\/jonascruz.com\\\/v1\\\/\"},{\"@type\":\"ListItem\",\"position\":2,\"name\":\"Sobre\"}]},{\"@type\":\"WebSite\",\"@id\":\"https:\\\/\\\/jonascruz.com\\\/v1\\\/#website\",\"url\":\"https:\\\/\\\/jonascruz.com\\\/v1\\\/\",\"name\":\"Jonas Cruz\",\"description\":\"\",\"potentialAction\":[{\"@type\":\"SearchAction\",\"target\":{\"@type\":\"EntryPoint\",\"urlTemplate\":\"https:\\\/\\\/jonascruz.com\\\/v1\\\/?s={search_term_string}\"},\"query-input\":{\"@type\":\"PropertyValueSpecification\",\"valueRequired\":true,\"valueName\":\"search_term_string\"}}],\"inLanguage\":\"pt-BR\"}]}<\/script>\n<!-- \/ Yoast SEO plugin. -->","yoast_head_json":{"title":"Sobre - Jonas Cruz","robots":{"index":"index","follow":"follow","max-snippet":"max-snippet:-1","max-image-preview":"max-image-preview:large","max-video-preview":"max-video-preview:-1"},"canonical":"https:\/\/jonascruz.com\/v1\/sobre\/","og_locale":"pt_BR","og_type":"article","og_title":"Sobre - Jonas Cruz","og_description":"&nbsp; Jonas Cruz \u00e9 designer e fot\u00f3grafo. Mineiro de Juiz de Fora, vive no Rio de Janeiro. Fique \u00e0 vontade&hellip;","og_url":"https:\/\/jonascruz.com\/v1\/sobre\/","og_site_name":"Jonas Cruz","article_modified_time":"2018-12-06T00:32:18+00:00","og_image":[{"url":"https:\/\/jonascruz.com\/v1\/wp-content\/uploads\/2016\/10\/nasjo-1.jpg","type":"","width":"","height":""}],"twitter_card":"summary_large_image","schema":{"@context":"https:\/\/schema.org","@graph":[{"@type":"WebPage","@id":"https:\/\/jonascruz.com\/v1\/sobre\/","url":"https:\/\/jonascruz.com\/v1\/sobre\/","name":"Sobre - Jonas Cruz","isPartOf":{"@id":"https:\/\/jonascruz.com\/v1\/#website"},"primaryImageOfPage":{"@id":"https:\/\/jonascruz.com\/v1\/sobre\/#primaryimage"},"image":{"@id":"https:\/\/jonascruz.com\/v1\/sobre\/#primaryimage"},"thumbnailUrl":"https:\/\/jonascruz.com\/v1\/wp-content\/uploads\/2016\/10\/nasjo-1.jpg","datePublished":"2016-10-22T22:05:03+00:00","dateModified":"2018-12-06T00:32:18+00:00","breadcrumb":{"@id":"https:\/\/jonascruz.com\/v1\/sobre\/#breadcrumb"},"inLanguage":"pt-BR","potentialAction":[{"@type":"ReadAction","target":["https:\/\/jonascruz.com\/v1\/sobre\/"]}]},{"@type":"ImageObject","inLanguage":"pt-BR","@id":"https:\/\/jonascruz.com\/v1\/sobre\/#primaryimage","url":"https:\/\/jonascruz.com\/v1\/wp-content\/uploads\/2016\/10\/nasjo-1.jpg","contentUrl":"https:\/\/jonascruz.com\/v1\/wp-content\/uploads\/2016\/10\/nasjo-1.jpg","width":350,"height":320},{"@type":"BreadcrumbList","@id":"https:\/\/jonascruz.com\/v1\/sobre\/#breadcrumb","itemListElement":[{"@type":"ListItem","position":1,"name":"In\u00edcio","item":"https:\/\/jonascruz.com\/v1\/"},{"@type":"ListItem","position":2,"name":"Sobre"}]},{"@type":"WebSite","@id":"https:\/\/jonascruz.com\/v1\/#website","url":"https:\/\/jonascruz.com\/v1\/","name":"Jonas Cruz","description":"","potentialAction":[{"@type":"SearchAction","target":{"@type":"EntryPoint","urlTemplate":"https:\/\/jonascruz.com\/v1\/?s={search_term_string}"},"query-input":{"@type":"PropertyValueSpecification","valueRequired":true,"valueName":"search_term_string"}}],"inLanguage":"pt-BR"}]}},"_links":{"self":[{"href":"https:\/\/jonascruz.com\/v1\/wp-json\/wp\/v2\/pages\/4","targetHints":{"allow":["GET"]}}],"collection":[{"href":"https:\/\/jonascruz.com\/v1\/wp-json\/wp\/v2\/pages"}],"about":[{"href":"https:\/\/jonascruz.com\/v1\/wp-json\/wp\/v2\/types\/page"}],"author":[{"embeddable":true,"href":"https:\/\/jonascruz.com\/v1\/wp-json\/wp\/v2\/users\/1"}],"replies":[{"embeddable":true,"href":"https:\/\/jonascruz.com\/v1\/wp-json\/wp\/v2\/comments?post=4"}],"version-history":[{"count":26,"href":"https:\/\/jonascruz.com\/v1\/wp-json\/wp\/v2\/pages\/4\/revisions"}],"predecessor-version":[{"id":478,"href":"https:\/\/jonascruz.com\/v1\/wp-json\/wp\/v2\/pages\/4\/revisions\/478"}],"wp:attachment":[{"href":"https:\/\/jonascruz.com\/v1\/wp-json\/wp\/v2\/media?parent=4"}],"curies":[{"name":"wp","href":"https:\/\/api.w.org\/{rel}","templated":true}]}}